he highest common factor of 29655871 and 93.
31
Calculate the greatest common divisor of 192 and 10220736.
192
Calculate the greatest common divisor of 4785495 and 8905.
65
Calculate the highest common factor of 3078 and 13315808.
38
Calculate the highest common factor of 605 and 64555.
5
What is the highest common factor of 665 and 120226148?
133
Calculate the greatest common factor of 54 and 59644170.
18
What is the highest common divisor of 84908 and 514?
2
Calculate the highest common factor of 61019 and 7588717.
379
What is the highest common factor of 215273390 and 5260?
2630
What is the greatest common factor of 880270 and 6080?
190
Calculate the highest common factor of 768 and 2928696.
24
Calculate the greatest common factor of 167920 and 15760.
80
What is the highest common factor of 4493699 and 623?
623
What is the greatest common factor of 222179 and 46299936?
5419
Calculate the greatest common factor of 3 and 6344639.
1
Calculate the highest common factor of 794076 and 72.
12
What is the greatest common factor of 255731 and 13328?
833
What is the greatest common divisor of 647152 and 6512?
176
What is the greatest common factor of 7722 and 1422954?
702
Calculate the highest common factor of 247598 and 393653.
1391
What is the highest common factor of 19554 and 19506?
6
What is the greatest common divisor of 67102 and 21756?
14
What is the greatest common factor of 659884 and 387652?
796
Calculate the highest common divisor of 36 and 158952456.
36
What is the highest common divisor of 410 and 15934855?
205
What is the highest common factor of 64074165 and 30?
15
Calculate the highest common factor of 25260 and 1102599.
1263
Calculate the greatest common divisor of 474 and 589529679.
237
What is the greatest common divisor of 7948 and 189112725?
1987
Calculate the greatest common factor of 404991482 and 1267.
1267
Calculate the greatest common factor of 58086441 and 29225.
1169
What is the greatest common factor of 10028 and 519276?
436
Calculate the highest common factor of 363 and 17342589.
33
What is the greatest common factor of 59740 and 314360?
580
Calculate the highest common divisor of 5663876 and 188.
188
Calculate the greatest common divisor of 20370350 and 2420.
1210
Calculate the greatest common factor of 3010 and 85113770.
3010
Calculate the greatest common factor of 16392 and 75936.
24
Calculate the greatest common factor of 274 and 25638.
2
Calculate the greatest common factor of 124 and 39596827.
31
Calculate the greatest common divisor of 1653 and 307540099.
551
Calculate the highest common factor of 734498 and 22806.
362
Calculate the greatest common divisor of 462 and 15108632.
154
Calculate the highest common divisor of 810781461 and 42.
21
What is the highest common factor of 3093583 and 93?
31
What is the greatest common factor of 31209389 and 74?
37
What is the greatest common divisor of 82131 and 58149?
21
What is the highest common divisor of 40579396 and 53924?
3172
What is the greatest common factor of 4076880 and 600?
120
Calculate the greatest common divisor of 10867601 and 469.
67
Calculate the greatest common factor of 5541452 and 84.
28
Calculate the greatest common factor of 72641 and 12937.
17
Calculate the highest common factor of 47397271 and 41.
41
What is the highest common factor of 7268820 and 1560?
780
Calculate the highest common divisor of 206103 and 21896.
23
What is the greatest common factor of 737332806 and 714?
714
Calculate the highest common divisor of 1469216 and 135632.
784
What is the greatest common divisor of 87878 and 7098?
14
What is the highest common divisor of 164 and 14105558?
82
What is the highest common factor of 620850 and 63510?
30
What is the greatest common factor of 1265 and 232427305?
1265
Calculate the highest common divisor of 3031870 and 145.
5
What is the greatest common divisor of 363 and 15756081?
33
Calculate the greatest common divisor of 4700 and 134740.
20
What is the highest common divisor of 29647 and 16537?
23
What is the highest common divisor of 358238673 and 13338?
6669
What is the highest common factor of 10256 and 61024?
16
What is the greatest common divisor of 86393164 and 95174?
4138
Calculate the greatest common factor of 2232 and 261528.
24
Calculate the highest common divisor of 94 and 1334458.
2
What is the highest common divisor of 248 and 509702?
62
Calculate the highest common factor of 5716164 and 498.
6
What is the highest common divisor of 208728 and 1141537?
223
Calculate the greatest common factor of 11835 and 4679415.
45
Calculate the greatest common factor of 30638466 and 6330.
1266
What is the greatest common divisor of 12534028 and 208?
52
Calculate the highest common divisor of 1131 and 214281.
87
Calculate the highest common factor of 15601383 and 194.
97
Calculate the greatest common factor of 271926823 and 19894.
1421
Calculate the highest common divisor of 17400 and 93214700.
2900
Calculate the greatest common divisor of 2704038 and 1112547.
4989
What is the greatest common factor of 45647823 and 2223?
741
Calculate the greatest common divisor of 126300 and 1466700.
300
Calculate the greatest common divisor of 233 and 3765.
1
Calculate the highest common factor of 102 and 697371.
3
Calculate the highest common factor of 376013079 and 4341.
4341
Calculate the highest common divisor of 36 and 1436720274.
18
Calculate the greatest common factor of 1451106 and 18544.
38
Calculate the highest common factor of 2782 and 3152261944.
2782
What is the highest common divisor of 1401728 and 275608?
376
Calculate the greatest common factor of 6 and 33612846.
6
Calculate the greatest common factor of 18975600 and 1280.
80
What is the highest common divisor of 80153773 and 7?
7
Calculate the greatest common divisor of 4472 and 17558792.
344
What is the greatest common divisor of 140175 and 34083?
63
What is the highest common factor of 578520 and 380?
20
Calculate the greatest common divisor of 263602416 and 1848.
1848
What is the highest common factor of 220 and 90243230?
110
Calculate the greatest common factor of 18543 and 2673.
3
What is the greatest common factor of 3686 and 79166065?
1843
Calculate the greatest common factor of 41723272 and 32.
8
Calculate the highest common divisor of 1685 and 504921708.
337
Calculate the highest common factor of 185 and 1158066145.
185
What is the greatest common divisor of 641608 and 9592?
88
What is the greatest common factor of 209642 and 54427?
37
What is the greatest common factor of 1568980 and 396900?
980
What is the greatest common divisor of 22500 and 1008?
36
What is the greatest common factor of 957440 and 9440?
160
What is the highest common divisor of 7161601 and 226?
113
What is the greatest common divisor of 32148 and 523773?
171
Calculate the highest common divisor of 239561 and 23471.
49
Calculate the highest common divisor of 933610 and 32040.
890
Calculate the greatest common divisor of 2100 and 465550.
50
Calculate the greatest common factor of 26 and 37544078.
26
Calculate the greatest common factor of 2368 and 790336.
64
What is the highest common divisor of 50474377 and 537353?
7361
Calculate the highest common divisor of 3 and 2451302.
1
Calculate the greatest common divisor of 273495 and 18300.
15
Calculate the highest common factor of 2013 and 28398843.
33
What is the highest common factor of 933 and 5738263488?
933
What is the greatest common factor of 1000 and 19791780?
20
Calculate the greatest common factor of 1841542 and 1394.
34
What is the greatest common divisor of 30 and 16741155?
15
Calculate the greatest common divisor of 11394596 and 60008.
2308
Calculate the highest common divisor of 6562 and 7398848.
386
What is the greatest common divisor of 17204 and 48416?
68
Calculate the highest common divisor of 146375317 and 319.
11
What is the highest common divisor of 1132307 and 2291?
79
Calculate the highest common factor of 309987 and 49536.
387
What is the highest common factor of 55188368 and 4728?
1576
Calculate the highest common factor of 102 and 1477334.
34
Calculate the greatest common factor of 29336 and 47248.
8
What is the greatest common divisor of 117807212 and 12699?
1411
Calculate the greatest common factor of 39659623 and 2006.
1003
Calculate